 8. Let d(i) = -2*i**3 - 3*i**2 + 6*i + 4. Let v(f) = 5*d(f) + 3*x(f). List the prime factors of v(4).
2
Suppose 4*z = -z + 40. Let d(p) be the third derivative of -p**5/60 + 5*p**4/12 - 5*p**3/3 + 2*p**2. List the prime factors of d(z).
2, 3
Let i(z) = z**2 + 9*z + 2. Let r be i(-6). Suppose 5*t + 123 = -2*v, 4*t + 14 + 58 = 5*v. Let g = r - t. List the prime factors of g.
7
Let b = 2 - -20. What are the prime factors of b?
2, 11
Let a(p) = 2*p - 9. Let k be a(6). Suppose -3 - k = -2*x. List the prime factors of x.
3
Suppose 3*j - 2*u + 3 = 2*u, 4*j = -3*u + 21. Let a = -1 - -2. Suppose -15 = j*x, -3*f - 5*x + a = -1. List the prime factors of f.
3
Let m(i) = -8*i - 1. Suppose 18 = 4*o + 2*v, -2*o + 3*v = -3*o + 2. Suppose 5*b + r = -8, 3*b - 4*r - o = 4. List the prime factors of m(b).
7
Suppose -k - 6 = -2*k - b, -12 = -4*k - b. What are the prime factors of k?
2
Let k be ((-2)/4)/(2/(-40)). Let r = 14 - k. Suppose r*m + 8*o = 3*o + 54, -3*m - 3*o + 39 = 0. List the prime factors of m.
11
Suppose -2*w + 4 = -2*y, -4*w - 5*y + 4*y + 28 = 0. Suppose w + 4 = -5*s. Let z(x) = -7*x. List the prime factors of z(s).
2, 7
Let w(a) = -a**3 + a**2 + 2*a + 1. Let f be w(2). Let c(k) = 12*k**2 - 2*k + 1. What are the prime factors of c(f)?
11
Let r(n) = 32*n - 3. List the prime factors of r(2).
61
Suppose 5*k - 3*g = 190, 3*k + 0*g = g + 114. What are the prime factors of k?
2, 19
Let a(q) = 7*q**2 + 3*q - 3. Let r(o) = o - 1. Let i(k) = a(k) - 4*r(k). Let y be i(1). Suppose -3 = -p + y. List the prime factors of p.
2, 5
Let l(s) = 3*s + 22. List the prime factors of l(16).
2, 5, 7
Suppose 5*z = 2*r - 2 - 27, 0 = -4*r + 2*z + 18. Let p(b) = b**3 - 7*b**2 + 4*b + 8. Let w be p(6). List the prime factors of (0 + r)*(-18)/w.
3
Let d(i) be the third derivative of -i**4/4 + i**3/3 - i**2. Let x be d(-3). Suppose v + 4*v - x = 0. What are the prime factors of v?
2
Suppose 5*d = -3 + 28. Suppose 3*k - l = -0*l + 37, k + d*l = -9. List the prime factors of 2/(24/k - 2).
11
Let c(r) be the first derivative of r**2/2 - 22*r - 1. Let u be c(0). Let a = u - -33. List the prime factors of a.
11
Let j = -14 - -48. List the prime factors of j.
2, 17
Let k = -7 + 3. Let h = k + 7. Suppose -2*z + 55 = h*z. List the prime factors of z.
11
Let l be -2*(3 - 14/4). List the prime factors of (l/2)/(4/32).
2
Let i(r) = 8*r**3 - 3*r**2 + r. Let d be i(2). Suppose 2*j + 36 = 2*y + 2*y, -5*y + d = 2*j. What are the prime factors of y?
2, 5
Let u(n) = 38*n + 15. What are the prime factors of u(7)?
281
Let c(q) = 6*q - 1. What are the prime factors of c(7)?
41
Let l be (33/2)/(6/(-8)). Let w = l - -3. Let s = 33 + w. What are the prime factors of s?
2, 7
Suppose 5*r - x - 11 = 4*r, 5*x + 11 = r. What are the prime factors of r?
11
Let r(k) be the second derivative of k**4/12 + 5*k**3/3 + 7*k**2/2 - 5*k. List the prime factors of r(-12).
31
Suppose -5*c - 10 - 5 = 0. Let n be 2/c - (-16)/6. Let r(b) = 3*b + 1. List the prime factors of r(n).
7
Suppose -2*y + 2*f - 3*f + 154 = 0, 0 = 4*y + 3*f - 304. List the prime factors of y.
79
List the prime factors of -146*3*1/(-6).
73
Suppose -3*v - 4*g - 44 = 0, -2*g = -5*v - 0*g - 30. Let j = v + 19. What are the prime factors of j?
11
Let i be ((-12)/(-9) - 0)*3. Suppose y - 24 = -y - 2*c, -i*y + 21 = -5*c. Suppose 3 = -2*j + y. What are the prime factors of j?
3
Let y = -163 + 286. What are the prime factors of y?
3, 41
Suppose 4*p + 0*p - 5*a - 1362 = 0, 0 = -5*a - 10. What are the prime factors of p?
2, 13
Let l be 24/16 + 3/2. Let x = 5 - l. Suppose -o + x*d + 33 = 6*d, 2*o + 3*d = 41. List the prime factors of o.
13
Suppose 0 = 4*x + 35 - 15. Let b = x + 10. Suppose 3*h - 8 - 1 = -4*j, 2*h - b = -3*j. List the prime factors of h.
7
Let l(j) = -j**3 - 8*j**2 + 10*j + 7. Let y be l(-9). List the prime factors of (-4)/8 - 9/y.
2
Let f = -26 + 15. Let y = f - -19. Let d = y - 6. List the prime factors of d.
2
Let o(m) = 9*m**2 - m. Suppose h - 1 = -s, 2*s - 5*h + 2 = 4. List the prime factors of o(s).
2
Suppose -2*h + 5*r + 227 = 2*h, -232 = -4*h + 4*r. List the prime factors of h.
3, 7
Suppose 0*c + 84 = 4*c. Let j be -2 + c/((-6)/(-2)). Suppose -4*t + 3 = l - j, 0 = -l - 3*t + 9. What are the prime factors of l?
2, 3
Suppose 4*s - 20 = 60. Suppose -s = -4*g, -5*j - 3*g + 22 = 2. What are the prime factors of (-2 + j + -10)/(-1)?
11
Let s(k) = -9*k - 10. What are the prime factors of s(-4)?
2, 13
Suppose -g - 4 = -3*g. List the prime factors of g.
2
Let p(t) = t**3 + 8*t**2 - t - 6. Let z be 1*(-2)/((-2)/(-21)). Let n = z + 13. List the prime factors of p(n).
2
Let w(c) = -c**2 + c + 3. Let b be w(0). Suppose -2*n + m = -23, -4*n + b*m = -n - 36. List the prime factors of n.
11
Let r(u) = u**2 - 3*u + 1. Let d be r(3). Let l be d/3 + 94/6. Let k = l - 11. What are the prime factors of k?
5
Suppose -d - 15 = 4*d - 5*o, -d = -4*o + 9. Let g = 16 + d. What are the prime factors of g?
3, 5
Let z(a) = 10*a - 1. Let i(q) = 9*q. Let g(b) = -5*i(b) + 4*z(b). Suppose 2*c - 4*p = -22, -c + 0 = 2*p - 5. What are the prime factors of g(c)?
11
List the prime factors of 29/(-4)*56/(-14).
29
Let d(u) = -6*u - 3*u**2 + 9 - 4*u + 4*u**2. Let s be d(9). Suppose -5*h + 35 = -s*h - 5*q, h - 19 = 5*q. List the prime factors of h.
2
Suppose 5*l = 4*l + 5*x + 7, -l + 3*x = -13. Let f be (-4)/(-16) - l/(-8). Let u(q) = q**3 - 3*q**2 + 3*q - 3. What are the prime factors of u(f)?
2, 3
Let j(l) = 2*l + 15. List the prime factors of j(5).
5
Let a(s) be the second derivative of s**4/6 + s**3/3 + s**2/2 + 3*s. What are the prime factors of a(-2)?
5
Suppose -l + 12 + 25 = -3*a, 5*l + 3*a - 131 = 0. Let w be 1 - (l/2)/(-2). Suppose w = k + 4. List the prime factors of k.
2
Let f(t) = 8*t**2 - 2*t. What are the prime factors of f(2)?
2, 7
Suppose 2*u + 9 = 5*u. Suppose 0 = -u*g + g - 22. Let q = g - -23. What are the prime factors of q?
2, 3
Let k(z) = -z**3 + 13*z**2 - z + 14. Let w be k(13). Let g = 23 - w. List the prime factors of g.
2, 11
Suppose 2*h = -0*h + 10. Let m = h + 9. Let c = 25 - m. What are the prime factors of c?
11
Let a = -48 - -50. Suppose 2*v + 20 = 3*x, 1 = 3*x + 5*v + 9. Suppose -3*o = -a*o - x. List the prime factors of o.
2
Let y = -16 + 28. List the prime factors of y.
2, 3
Let s = 23 + 42. Suppose 25 = -5*i, -4*i - i - s = -4*w. What are the prime factors of w?
2, 5
Let t(g) = -g**2 + 3 + 0*g**2 + 0*g**2 - 9*g - 12. Let b be t(-7). Suppose n - b*n = -12. What are the prime factors of n?
3
Let k be (2 - 2) + 4/1. Suppose k*a - d - 29 = -0*d, 0 = -a + 5*d + 31. List the prime factors of 1 + a/(1 + 1).
2
Let n = -14 + 39. List the prime factors of n.
5
Let q(z) be the first derivative of 19*z**3/3 - z**2 + z - 5. Let r be q(1). Suppose n = 4*n - r. List the prime factors of n.
2, 3
Let u(i) = i**3 - 12*i**2 + 11*i + 3. Suppose -2*q = a - 7*q - 36, -a - 14 = 5*q. Let m be u(a). What are the prime factors of (-74)/(-6) - (-2)/m?
13
Let y = 3 - -2. Let f = -1 + y. List the prime factors of f.
2
Let g = 4 + -2. Let x(y) = 3*y - 1. What are the prime factors of x(g)?
5
Let a(z) = 2*z**2 - 12*z - 8. List the prime factors of a(10).
2, 3
List the prime factors of 3/(24/148)*(-8)/(-4).
37
List the prime factors of 2*(-12)/16*-44.
2, 3, 11
Let i = 14 + -9. Suppose 10 = -i*y, -3*q - 3*y = 2*q - 139. What are the prime factors of q?
29
Suppose -5*y + 5*k = -36 - 449, y - 2*k - 102 = 0. List the prime factors of y.
2, 23
Suppose 0 = -0*d - 5*d - y + 29, 2*d + y - 14 = 0. Suppose -d*q + 72 = -2*q. List the prime factors of q.
2, 3
Suppose l + 9 = 3*q - q, 4*l = 12. Suppose 3*z - q*f - 90 = -3*f, -147 = -4*z - 5*f. List the prime factors of z.
3, 11
Suppose 2*w + 36 = 4*w. What are the prime factors of w?
2, 3
Let j(p) = -3*p**2 - 3*p + p**2 + p**2 - 5 + 2*p**2. List the prime factors of j(-5).
5, 7
Suppose -9 = 3*o + 2*k, o - 3*k = -o - 6. What are the prime factors of (-112)/o + 14/21?
2, 19
Suppose -6*l + 9*l = 270. List the prime factors of l.
2, 3, 5
Let c(z) = -2*z**2 - z + 2. Let x be c(-2). Let n be x*(14/(-4))/(-1). Let j = n - -25. What are the prime factors of j?
11
Suppose 6*g - 4*g = 0. Let j(n) = -n - 6*n**2 + g + n**3 + n + n + 2. What are the prime factors of j(6)?
2
Suppose 0 = g + 4*n + 13, 9 = -2*n + 1. Let k be 0*g/(-3)*1. What are 